.
-2
Let w(u) = 5*u**2 - 112*u + 821. Determine w(35).
3026
Let u(q) = 39*q**2 - 825*q + 54. Calculate u(21).
-72
Let s(r) = 7951*r + 222631. Determine s(-28).
3
Let q(p) = 6003*p + 726369. Determine q(-121).
6
Let f(a) = -3*a**2 - 45*a + 1248. Give f(-24).
600
Let w(u) = 790*u + 8774. Give w(-11).
84
Let m(n) = -n**3 + 65*n**2 + 721*n - 180. Determine m(-10).
110
Let h(q) = 109*q**2 - 701*q - 364. Determine h(7).
70
Let p(f) = -f**3 + 1013*f**2 - 22756*f - 329. Calculate p(23).
-7
Let o(r) = r**3 - 136*r**2 + 4193*r + 210. What is o(48)?
-1278
Let c(l) = 361784*l - 1085356. Calculate c(3).
-4
Let v(n) = 45488*n - 1819521. Give v(40).
-1
Let f(r) = -325293*r + 1951791. Calculate f(6).
33
Let n(z) = 7*z**2 - 4235*z - 8538. Determine n(-2).
-40
Let h(f) = -f**2 + 223*f + 22867. Calculate h(-76).
143
Let g(q) = -18*q**2 + 197*q - 123. Calculate g(11).
-134
Let f(v) = -v**3 + 78*v**2 - 1634*v + 119877. Give f(77).
-12
Let o(r) = -r**3 + 41*r**2 + 4176*r + 1905. Determine o(-47).
25
Let m(h) = -3*h**2 + 607*h - 7592. Calculate m(13).
-208
Let b(j) = 16*j**2 + 833*j + 76. Calculate b(-52).
24
Let y(i) = -1645*i + 108475. Determine y(66).
-95
Let c(d) = 96659*d - 1256566. Calculate c(13).
1
Let h(c) = 73900*c + 147806. Determine h(-2).
6
Let t(y) = 134*y + 42103. Give t(-315).
-107
Let b(u) = -u**3 + 107*u**2 - 1594*u - 712. What is b(89)?
0
Let c(d) = 2*d**2 + 81*d + 418. Give c(-4).
126
Let v(k) = 8*k**2 + 2680*k - 2708. What is v(-336)?
-20
Let a(s) = -82*s**2 - 21310*s + 2587. What is a(-260)?
-13
Let k(x) = 12*x**3 - 350*x**2 + 2852*x - 81020. Determine k(29).
6
Let w(b) = 25*b**2 - 773*b - 77. Determine w(31).
-15
Let h(p) = -p**3 + 12*p**2 - 1026*p + 7080. Determine h(7).
143
Let g(l) = 2*l**2 - 100*l - 1334. Calculate g(-22).
1834
Let m(l) = -149*l**2 - 31296*l - 418. Give m(-210).
842
Let q(v) = 13*v**3 + 912*v**2 + 158*v + 545. Calculate q(-70).
-715
Let p(v) = -150*v**2 - 513*v + 2323. What is p(-6)?
1
Let x(h) = h**3 + 69*h**2 - 853*h - 45197. Give x(-72).
667
Let z(i) = 8*i**3 - 282*i**2 - 268*i + 11864. Calculate z(35).
34
Let m(v) = -v**3 + 491*v**2 + 44361*v + 11946. Determine m(569).
-3
Let j(t) = 6*t**2 - 234*t + 18. What is j(46)?
1950
Let h(j) = -18*j**2 + 234*j - 1738. Determine h(7).
-982
Let s(b) = 3799*b + 151888. Calculate s(-40).
-72
Let v(t) = -477*t**2 - 5221*t + 283. Give v(-11).
-3
Let l(z) = -4*z**2 + 342*z - 7296. What is l(45)?
-6
Let i(n) = -n**3 - 1022*n**2 + 118327*n - 9010. Calculate i(-1127).
6
Let g(h) = -5*h**2 - 156*h - 373. Calculate g(-28).
75
Let t(m) = -m**3 - m**2 + 167*m - 202. Calculate t(-14).
8
Let q(l) = 29*l**2 - 3339*l - 13331. Give q(119).
-3
Let o(q) = 2254*q**2 + 7*q + 11. Determine o(-1).
2258
Let x(a) = -94*a - 14125. Give x(-127).
-2187
Let d(u) = 2728*u - 95528. What is d(35)?
-48
Let i(f) = -8020*f - 1668207. Give i(-208).
-47
Let q(t) = 10815*t - 21571. What is q(2)?
59
Let j(h) = 11*h**3 + 79*h**2 - 1260*h - 8935. Give j(-7).
-17
Let k(l) = -165*l**2 + 2032*l - 620. What is k(12)?
4
Let i(t) = t**2 - 78*t + 176. Calculate i(79).
255
Let w(k) = 1715*k + 138968. What is w(-81)?
53
Let m(t) = -173*t**2 - 323*t - 325. Determine m(-1).
-175
Let p(t) = 52326*t + 52327. Give p(-1).
1
Let o(d) = d**3 + 100*d**2 - 128*d + 28112. What is o(-104)?
-1840
Let y(w) = -w**3 - 116*w**2 - 830*w + 3694. Give y(-108).
22
Let n(r) = -7968*r + 47944. Calculate n(6).
136
Let m(c) = 24*c**3 - 54*c**2 - 499*c + 553. Determine m(1).
24
Let g(m) = -m**2 - 3752*m - 477722. Calculate g(-132).
118
Let w(s) = -s**2 - 1073*s - 108896. Calculate w(-113).
-416
Let q(j) = j**3 + 23*j**2 - 174*j - 3244. What is q(-18)?
1508
Let l(u) = 5773*u + 63292. What is l(-11)?
-211
Let x(u) = u**3 - 295*u**2 + 5245*u - 244. What is x(276)?
32
Let i(x) = -2*x**3 + x**2 + 170*x - 3013. Give i(0).
-3013
Let b(w) = -w**3 - 182*w**2 - 2041*w - 139. Calculate b(-170).
31
Let m(o) = 5*o**2 - 8589*o + 119271. Calculate m(14).
5
Let u(z) = -19880*z - 1331949. What is u(-67)?
11
Let k(g) = -g**3 - 39*g**2 - 82*g + 365. Determine k(-37).
661
Let o(d) = d**2 + 81*d + 1064. Calculate o(-15).
74
Let w(c) = -16993*c + 102036. Determine w(6).
78
Let b(l) = -l**2 + 7709*l + 115867. What is b(-15)?
7
Let i(q) = 7*q**3 + 1383*q**2 + 793*q + 99. Calculate i(-197).
-886
Let v(f) = 344*f + 9951. Determine v(-29).
-25
Let v(h) = -2083*h + 212455. Determine v(102).
-11
Let v(o) = 2*o**2 + 155787*o - 623184. Calculate v(4).
-4
Let h(j) = 26469*j + 132240. Determine h(-5).
-105
Let i(d) = 28*d**2 - 31*d + 109. Calculate i(6).
931
Let l(y) = -5778950*y + 34673697. What is l(6)?
-3
Let f(v) = -35978*v + 1007421. What is f(28)?
37
Let k(v) = -137*v**2 + 61*v - 273. Calculate k(5).
-3393
Let o(u) = u**2 - 51*u + 134. Give o(46).
-96
Let y(i) = -70*i**3 + 31*i**2 + 2*i + 14. Give y(-2).
694
Let f(n) = 39382*n - 472591. Give f(12).
-7
Let l(j) = 4*j**2 + 3685*j + 51681. Calculate l(-907).
-18
Let x(i) = i**3 - 208*i**2 - 15*i + 2894. What is x(208)?
-226
Let k(i) = -3913*i + 2105208. Determine k(538).
14
Let r(t) = -t**2 + 35*t + 2620. Give r(45).
2170
Let o(c) = -7551*c - 218893. Calculate o(-29).
86
Let j(n) = 326156*n + 1304594. Determine j(-4).
-30
Let f(c) = -32*c**2 + 51256*c + 51257. Give f(-1).
-31
Let b(i) = -131*i**3 + 3*i**2 - 5569*i + 11141. What is b(2)?
-1033
Let p(z) = 265*z**2 - 13536*z + 1066. Calculate p(51).
-5
Let y(d) = d**3 + 31*d**2 + 11*d + 450. Determine y(-32).
-926
Let h(t) = t**3 + 56*t**2 + 3183*t + 184665. Give h(-57).
-15
Let y(q) = 158*q**2 - 6638*q + 86. Determine y(42).
2
Let x(q) = 2*q**2 - 88401*q + 618776. Determine x(7).
67
Let y(n) = -3406*n - 146473. What is y(-43)?
-15
Let w(l) = -7*l**3 + 54*l**2 - 44*l + 66. Determine w(7).
3
Let z(r) = -8*r**3 + 12*r**2 + 8*r + 1. Give z(2).
1
Let l(s) = -968*s**2 + 1421989*s + 4414. What is l(1469)?
7
Let o(z) = z**3 + 15*z**2 - 357*z - 3466. Determine o(-9).
233
Let f(x) = 703*x**2 - 2196*x - 21. Give f(3).
-282
Let v(s) = -1126664*s - 12393330. Determine v(-11).
-26
Let q(n) = 7*n**3 - 643*n**2 + 3873*n - 29839. Give q(86).
3
Let t(n) = 2*n**3 + 40*n**2 - 949*n - 5269. What is t(17)?
-16
Let r(d) = -43*d - 11979. What is r(-279)?
18
Let k(p) = 95*p - 11922. Determine k(126).
48
Let n(u) = -u**3 + 72*u**2 - 917*u + 849. Determine n(56).
-327
Let t(h) = -1278*h + 200642. What is t(157)?
-4
Let s(f) = 133*f**2 + 909*f - 23. Calculate s(-7).
131
Let i(s) = -5983*s + 7903538. Calculate i(1321).
-5
Let g(f) = -f**3 - 42*f**2 - 2831*f - 118988. Determine g(-42).
-86
Let z(j) = -9*j**3 + 13*j**2 + 198*j - 830. Calculate z(4).
-406
Let w(n) = -52*n - 529. What is w(-11)?
43
Let i(n) = -3*n**3 - 301*n**2 + 36498*n - 277. Determine i(71).
7
Let p(a) = 3759*a - 199201. Determine p(53).
26
Let m(j) = -1098*j + 87817. Determine m(80).
-23
Let z(u) = u**3 - 10*u**2 - 334*u + 2026. Determine z(6).
-122
Let o(z) = -577*z**3 + 3*z**2 - 69*z - 125. Calculate o(-2).
4641
Let k(q) = 2*q**3 + 335*q**2 - 505*q + 340. Calculate k(-169).
2
Let f(m) = m**3 - 182*m**2 - 4160*m + 68539. What is f(201)?
-2
Let k(l) = 16*l**3 - 6*l**2 + 8*l - 4. Give k(2).
116
Let j(y) = -17*y**3 + 640*y**2 - 670*y + 33. Calculate j(1).
-14
Let s(j) = 5700*j - 68511. Determine s(12).
-111
Let x(m) = -22019*m - 6781858. What is x(-308)?
-6
Let r(t) = -2*t**3 + 173*t**2 + 41*t + 1775. Give r(87).
-2227
Let s(p) = p**3 - 24*p**2 + 607*p - 1630. Give s(3).
2
Let h(i) = 125*i + 23039. Determine h(-184).
39
Let z(o) = 4*o**3 + 55*o**2 + 140*o + 1952. Determine z(-14).
-204
Let p(b) = 5*b**2 - 627*b + 18104. Give p(45).
14
Let b(m) = 118*m - 7545. Give b(64).
7
Let k(i) = 139*i**3 - 92150*i**2 - 4637*i - 2644. Determine k(663).
8
Let y(h) = 8*h**2 - 1163*h - 14568. Determine y(157).
33
Let j(l) = -14*l**3 + l**2 + 2638. Calculate j(0).
2638
Let z(h) = 4334*h + 60682. Determine z(-14).
6
Let r(q) = 20*q**3 - 93*q**2 + 47*q - 280. Give r(5).
130
Let k(v) = -29*v**2 - 6506*v - 45531. What is k(-7)?
-1410
Let k(u) = -2*u**3 + 32*u**2 + 163*u - 2292. Calculate k(17).
-99
Let t(x) = -2*x**3 - 17*x**2 - 101*x - 379. Give t(-6).
47
Let z(j) = -2*j**2 - 759*j + 8837. Give z(-391).
-156
Let f(q) = 21*q**3 - 202*q**2 - 24*q + 85. Calculate f(10).
645
Let p(z) = -42375*z + 847518. Give p(20).
18
Let i(c) = -2088*c + 43955. Give i(19).
4283
Let g